Suppose s*r - 12 = 8. Suppose r*a + 4*h - 416 = 0, 4*h - 600 = -5*a - 82. What is the units digit of a?
2
Suppose 71*n - 5*n + 1693559 - 6163343 = 0. What is the tens digit of n?
2
Let f(q) = -q**2 - 6*q - 9. Let z be f(-5). What is the tens digit of (12/(-7))/(z - (-811)/203)?
4
Suppose -2*f - 624 = 4*v, 2*v - f = -5*f - 306. Let x = -44 - v. What is the hundreds digit of x?
1
Let k(j) = 117*j + 26. Let t be k(-12). Let c = -613 - t. What is the tens digit of c?
6
Let b(o) = 4*o**2 + 8*o + 8. Let h = -30 + 35. Let z be (-5 - -6)/(1/h). What is the tens digit of b(z)?
4
Suppose 21*d = 282266 + 16459. What is the tens digit of d?
2
Suppose -z + 299 = 3*o, -3*z = 5 - 11. Suppose 2 = x, 3*k - 3*x + 21 = o. What is the units digit of k?
8
Let t(f) be the second derivative of 17*f**4/2 - 5*f**3/6 - 7*f**2 + 43*f. What is the hundreds digit of t(-2)?
4
What is the thousands digit of (-2)/20 + 30222/(-360)*-478 + -1?
0
Suppose 0 = 5*g - 6 + 26, 2*k - 4112 = 2*g. What is the hundreds digit of k?
0
Let g(h) = -h + 1. Let z(c) = 16 + 1 - 4*c - 7*c + 0*c. Let i(q) = -6*g(q) - 2*z(q). What is the units digit of i(6)?
8
Let i(j) = 423*j - 643. What is the thousands digit of i(9)?
3
Let g(x) = -160*x**3 - 2*x - 49. What is the ten thousands digit of g(-5)?
1
Suppose -116 = 5*h - 46. Let v(p) = 7*p - 1. Let u be v(h). Let t = u + 196. What is the units digit of t?
7
Let d(f) = -f**3 - 88*f**2 + 230*f + 194. What is the hundreds digit of d(-91)?
1
Let g be 7*-1*32/(-112). Let q be (-16)/6*(4/8 - g). Suppose 3*i + i = -2*o + 274, q*o + 4*i - 540 = 0. What is the tens digit of o?
3
Suppose -5*a = -10, -282*h + 229149 = -277*h - 3*a. What is the ten thousands digit of h?
4
Let g(h) = -h**3 + 73*h**2 - 81*h + 12. What is the tens digit of g(61)?
2
Let c(f) = 2*f**3 - 6*f**2 - 4*f + 29. Let p be c(5). Let t = 228 - p. What is the tens digit of t?
1
Let k(j) = -10*j + 6 + 0*j + 15*j - 2*j - j**3 + 13*j**2. What is the tens digit of k(10)?
3
Suppose -j = 2*w - 6*j + 13, -4*w - j + 7 = 0. Let i(l) = 316*l + 2. Let y(d) = 472*d + 4. Let c(b) = 8*i(b) - 5*y(b). What is the units digit of c(w)?
4
Let f = 2880 + 6036. What is the hundreds digit of f?
9
Let z(d) = 37*d - 123. Let v be z(24). Suppose 17*a = v + 14042. What is the units digit of a?
1
Let i(x) = x**3 + 11*x**2 + 14*x + 18. Suppose 16 = -14*u + 12*u. Let q be i(u). Suppose -d + q = -2. What is the tens digit of d?
0
Suppose -84 = -5*i + 581. Suppose 12*g - 33*g = -2730. Suppose -g*v + i*v - 363 = 0. What is the tens digit of v?
2
Suppose -292*f = -299*f. Suppose -a + 37 = 19*o - 18*o, -o - 2*a + 35 = f. What is the tens digit of o?
3
Let v(g) be the third derivative of g**8/2880 + g**6/240 - 11*g**5/60 - 9*g**2. Let s(p) be the third derivative of v(p). What is the tens digit of s(4)?
1
Let m be 1/1 - (-1735 + 6). Suppose -4*w = 6*w - m. What is the tens digit of w?
7
Let x(v) = -24*v + 325. Let h be x(12). Suppose h*s = 48550 - 2781. What is the tens digit of s?
3
Let o(q) = 6*q**3 + 3*q**2 + 9*q - 10. What is the units digit of o(5)?
0
Suppose 48*l = -8*l - 18087 + 88983. What is the tens digit of l?
6
Let n(h) = 10*h**3 + 6*h**2 + 3*h + 2. Let y be n(-2). What is the units digit of 35/y*3*-280?
0
Suppose -66*k = -32*k - 24*k - 21000. What is the units digit of k?
0
Let l = -4843 - -7475. Suppose l = 4*p + 9*b - 13*b, -2*p = b - 1325. What is the hundreds digit of p?
6
Let b = 33 - -38. Suppose 0 = z + b - 268. What is the hundreds digit of z?
1
Let d(h) = -3*h**2 - 90*h - 12. Suppose -14*y - 486 + 178 = 0. What is the tens digit of d(y)?
1
Suppose 0 = -5*l + 9*l - 160. Let w = 20 + l. What is the tens digit of w?
6
What is the units digit of -1266*((-630)/196 - 5 - (-2)/(-7))?
1
Suppose -96*g = -144*g + 67584. What is the units digit of g?
8
Suppose -4 = -7*m + 10. Let h(p) = -4*p - 12*p**2 + 10 + p + 15*p**m. What is the tens digit of h(8)?
7
Let b(o) be the third derivative of 11*o**4 + 127*o**3/3 - 8*o**2 + 11. What is the thousands digit of b(4)?
1
Let u(y) = -41*y - y**2 + 1 + 77*y - 30*y. Let r be u(5). What is the units digit of r/(-24) + 1359/12?
3
Let n(v) = -51*v**2 + v - 18. Let w(z) = z**2 - z - 1. Let o(g) = -n(g) - 2*w(g). What is the hundreds digit of o(-3)?
4
Let a(b) = 3*b**2 + 2*b - 5. Let y be a(-2). Let j(k) = 46*k**2 + 20*k - 49. What is the tens digit of j(y)?
2
Let m be 1 + -4 + 684/76. Suppose r = 3*o - m*o + 98, r = -o + 100. What is the tens digit of r?
0
Suppose 0 = -2533*y + 2504*y + 469597. What is the ten thousands digit of y?
1
Suppose 23*p = 4 + 65. What is the tens digit of 1*((-2493)/p)/(-1)*1?
3
Let x = -162 - -167. Suppose -2*h + 671 = -5*p - 696, -x*h + 3403 = 2*p. What is the units digit of h?
1
Let a = 11083 - 4450. What is the tens digit of a?
3
Let m be (-238)/(-5) - (-1 + 64/40). Suppose -2*x + m = 5*g, -g + x - 2*x + 10 = 0. Suppose -g*k + 240 = -3*k. What is the tens digit of k?
4
Let p(v) = -1359*v + 2493. What is the tens digit of p(-3)?
7
Let h(m) = 17580*m - 5. Let k be h(1). Suppose k = d + 18*d. What is the units digit of d?
5
Let s be (3 - 4)/(-2)*2. Let w be 4 + (-1 - -3)*s. Suppose w*c = 4*c + 112. What is the tens digit of c?
5
Let f(k) = 169*k + 867. What is the tens digit of f(35)?
8
Let a = 2426 + -1544. Let j = a - 620. What is the tens digit of j?
6
Suppose 12*r - 5*t = 10*r + 19, -5*r - 10 = -t. What is the units digit of r/2*22092/(-63)?
6
Suppose o = -3*p + 361 + 1457, -1195 = -2*p + 5*o. Suppose -2*w - 203 = -p. What is the hundreds digit of w?
2
Let j = -13228 + 23489. What is the thousands digit of j?
0
Suppose -11*c + 2*c = -4563. Let x = 1689 - c. Suppose 0 = -6*g + x + 324. What is the units digit of g?
1
Suppose -5*n + 21357 = -42*m + 40*m, 17100 = 4*n - 4*m. What is the hundreds digit of n?
2
Suppose 20 = 11*n - 6*n, -2*n - 5 = -t. Let f(y) = 6*y + 84. What is the hundreds digit of f(t)?
1
What is the units digit of (-12)/21 - (-308506)/77?
6
Suppose 7*n = 3*n + 8. Suppose 1 = 2*p - d, -3*d + 0*d = n*p - 21. Let k = p - -32. What is the tens digit of k?
3
Let w(k) = -2*k**3 + 17*k**2 - 5*k + 25. Let b be w(9). Let y be 573/(-6) + -2 + 1/(-2). Let s = y - b. What is the units digit of s?
3
Let k be (-2 + 14/7)/(1 - 4). Suppose -5*f + o = -542, 208 = -k*f + 2*f + 4*o. What is the hundreds digit of f?
1
Suppose -2*n + 33972 = -4*g, -78*g = 3*n - 82*g - 50952. What is the ten thousands digit of n?
1
What is the units digit of (-3748 + (59 - 23))*(-22)/4?
6
Suppose 3*u + 30 = -0*u. Let f = 76 + u. Suppose -11*y = -14*y + f. What is the units digit of y?
2
Let h(d) = 11*d**2 - 15*d + 34. Let r be h(11). Let k = -820 + r. Suppose -k = -11*o + 7*o. What is the units digit of o?
5
Suppose 28637 = -57*j + 166634. What is the units digit of j?
1
Let d be (-177*4/8)/(57/(-190)). Let a(b) = b**2 - 181. Let t be a(0). Let r = d + t. What is the units digit of r?
4
Suppose -74*z = -82*z + 253377 - 80393. What is the tens digit of z?
2
Suppose w - 6 = 0, 3*q + 1063*w - 35310 = 1064*w. What is the units digit of q?
2
What is the units digit of 3 + (-1064460)/(-39) - (800/(-130) - -6)?
7
Let d(t) = t**3 - 6*t**2 - 4*t + 4. Let n be 82/12 + ((-28)/24)/(-7). What is the tens digit of d(n)?
2
Suppose -5*x + 1523520 = 149*x - 10*x. What is the ten thousands digit of x?
1
Suppose -72*j + 75*j + 585 = 0. Suppose -3*o + 1365 = 6*p - p, 3*p + 4*o - 819 = 0. Let r = j + p. What is the tens digit of r?
7
Suppose -11*p + 68 = 24. What is the hundreds digit of p/((-6)/(-3384)*2)?
1
Let l = 3111 + 8069. Suppose -165*f = -175*f + l. What is the thousands digit of f?
1
Suppose -32*g + 14040 = -2*g. Let a = g + 286. What is the units digit of a?
4
Suppose -427*a + 772948 = -405*a. What is the ten thousands digit of a?
3
Suppose 4*g - 381 = g. Suppose 4*n = -p + 90, 0 = 5*p - 2*n - 119 - 221. Let d = g - p. What is the tens digit of d?
5
Suppose 0*f = f - 2. Let u(y) = -y**2 + 17*y - 60. Let x be u(5). Suppose 3*b + 4*h - 37 = x, 4*b + f*h - 3*h - 43 = 0. What is the units digit of b?
1
Let w = 548 - 70. Let g = 883 - 746. Suppose 0 = 5*b - w - g. What is the hundreds digit of b?
1
Suppose 325 = l - 2*j - 7301, -3*l - 2*j = -22894. Suppose -20*x + 15*x + l = 0. What is the hundreds digit of x?
5
Let d(y) = 882*y - 143. What is the units digit of d(1)?
9
Suppose -5*j 